 composite?
False
Let u be (-4 + (-9)/((-45)/20))/1. Is 6 - (-12744)/4 - (-1 + u) composite?
True
Let j = -95 + 97. Suppose -2*n + j*v = 4*v - 2368, -2*n - 5*v = -2362. Is n prime?
False
Let s = -104864 + 202938. Is s composite?
True
Let r = -160 - -165. Suppose 71609 = 5*p + 3*v + 23486, r*p = 3*v + 48147. Is p a composite number?
True
Let m(w) = -91*w + 1. Let g(p) = -p**2 - 16*p + 11. Let k be g(-17). Let r be m(k). Suppose -2*d + 101 = 2*t - 985, t + 3*d - r = 0. Is t a composite number?
False
Let g(w) be the first derivative of -295*w**2 - 51*w - 101. Is g(-4) a composite number?
False
Let v = 5 - 3. Suppose -3*a + n + 17 = 0, -5*a = 4*n - 17 - 0. Suppose -a*q + 635 = -3*r, -6*q + 2*r = -v*q - 508. Is q a composite number?
False
Let u(k) = -k**2 - 19*k + 92. Let r be u(4). Suppose r = -21*t + 2*t + 653087. Is t a composite number?
True
Let f(w) = -w**2 + 3*w + 1. Let g be f(6). Let q(n) be the first derivative of n**4/4 + 7*n**3 + 23*n**2/2 + 16*n + 37. Is q(g) prime?
False
Suppose -21*k = 13 - 34. Is (-7)/(14/8) + 923/k prime?
True
Suppose -2*d - 3*o = -4*o, 5*d = 2*o. Let l be d - -2 - (8 - 339). Let a = -206 + l. Is a a composite number?
False
Suppose 148*z - 41575154 + 6894175 = 8774337. Is z a composite number?
False
Let n be 1 - (0 - (4/(-1) - 4)). Let l be 11/n - (-18)/315*10. Is -1 + 143 + 6 - (-3)/l composite?
True
Suppose -3*x + 0*x + 177 = -3*s, 0 = -2*x + 4*s + 124. Let u = x - 54. Suppose -2*b - u*b + 356 = 0. Is b composite?
False
Let l(z) = 732*z + 36. Let s be l(-15). Let w = s - -55909. Suppose 12*i = 13079 + w. Is i a prime number?
False
Let q(h) = 2*h**2 + 39*h + 28. Let d be q(-19). Let g(v) = v**2 - 5*v - 29. Let x be g(d). Suppose 5*p + 838 = x*p. Is p prime?
True
Let n(t) = 765*t**2 - 1. Let i be n(-1). Suppose -4*p - 1974 = -o, -o - p = -i - 1190. Suppose -3*k - 3*q = -1461, -k - 3*k + o = -q. Is k prime?
False
Let a = 77412 + -22723. Is a prime?
False
Is (-127329)/2*(40/5 - 208/24) a composite number?
False
Let y(q) = 10679*q**2 - 32*q + 118. Is y(3) a prime number?
False
Is (0 - (-4022)/(-8))/(34/(-3944)) a composite number?
True
Suppose 22*l = w + 19*l - 612407, l - 2449602 = -4*w. Is w a composite number?
False
Let d(m) = m**2 - 9*m + 188. Let q(k) = 2*k**2 - 21*k + 375. Let o(w) = 7*d(w) - 3*q(w). Suppose 4*l - 3*j + 3 = 0, l + 2*l = -3*j + 3. Is o(l) composite?
False
Suppose -44*n - 288 = -38*n. Is n/(-22) + -2 - (-638196)/132 a prime number?
False
Suppose 2*c = -3*l + 4, 3*l - 3*c - 22 - 2 = 0. Let o be 21/(-15)*(-20)/8*l. Let f = 32 + o. Is f a prime number?
False
Suppose 1028*q - 313895 = 1023*q. Is q a prime number?
False
Let i(k) = -3523*k**2 - 2*k - 5. Let o(v) = v**2 - 1. Let u(f) = -i(f) + 6*o(f). Is u(2) a composite number?
True
Suppose -1 = -3*a + 11. Let f be 1305 + -1 - (-4)/8*a. Is (0 + (0 - 1))/((-2)/f) a prime number?
True
Let z(w) = 5940*w + 229. Is z(19) composite?
False
Let s = 464 + -459. Suppose 0 = c - 5*p + 1298 - 4844, 0 = s*c + 3*p - 17590. Is c a prime number?
False
Suppose 8*p + 33 = 11*p. Suppose -p*k - 4326 = 9996. Let f = 2663 + k. Is f a composite number?
False
Let v(q) = q**2 - 24*q - 85. Let s be v(27). Is 4929 + (-4)/(((-32)/(-4))/s) composite?
False
Let l be (-3 - -3)/(-3)*(-4)/8. Suppose 0 = x - 4, -5*x + 45 = 5*q - l*x. Suppose q*g = 8*g - 1842. Is g prime?
False
Let f = 1226713 + -477290. Is f composite?
False
Suppose -9 = 3*q, -2*r - 5*q = -3*q. Suppose -878 = -r*y + 1435. Is y a prime number?
False
Suppose -3*t - t = -160. Let o = t + -35. Let b(p) = 2*p**3 - 4*p**2 - 5*p + 6. Is b(o) composite?
False
Let d(x) = 5*x + 119. Let g be d(-23). Suppose -9*m + g*m = -20, 3*i + 2*m = 26669. Is i a composite number?
False
Let z = 427 + -435. Is z/(-6)*87594/104 composite?
False
Let d(u) = -u**3 + 22*u**2 + 23*u - 49. Let c be d(23). Is 2/(-7) - (-3 - (-3640)/c) prime?
False
Suppose 14*r - 146*r = -42764747 - 239065021. Is r a composite number?
True
Let c(m) = -15*m**2 - 29*m**2 - 27*m - 1 + 29*m. Let u be c(-4). Let w = u + 1392. Is w composite?
True
Suppose 0 = -r + c + 448, -2*c = 2*r - 355 - 537. Let z = 1913 - r. Is z composite?
True
Let i(t) = -t**2 - 3*t - 12. Let a(h) = -h - 1. Let j(n) = 6*a(n) - i(n). Let v be j(5). Is (v - -228)*26/8*1 prime?
False
Suppose -225 = -4*h - 3*d, -4*d + 5*d + 5 = 0. Is 175215/h - (22/(-8) - -2) prime?
False
Let f(l) = -67*l. Suppose 7 = -4*a - 45. Is f(a) a composite number?
True
Suppose 10*r = 6*r - 20. Let t be (-3)/r*(11 + -6). Suppose 2588 = 2*c - 4*v + 530, 3*c + t*v - 3132 = 0. Is c prime?
True
Suppose -2*b - q + 4*q = -7741, 4*b = -3*q + 15473. Is b prime?
False
Let x(q) = -2150*q + 133. Let o be x(-6). Suppose -5*i = -10*s + 7*s - o, -2*i - s = -5222. Is i a composite number?
False
Let r = 214703 - 55974. Is r a prime number?
False
Let i(z) be the third derivative of z**6/120 + 7*z**5/15 + 13*z**4/6 - 13*z**3/2 - 2*z**2 - 6. Is i(-22) a composite number?
False
Let n(k) = 2490*k**3 - 2*k**2 + 13*k - 8. Is n(3) composite?
True
Is (-44)/154 - (-12643768)/308 - 2/(-22) prime?
True
Let q = 177777 + -20966. Is q prime?
False
Suppose -34478077 = -77*c + 30728526. Is c composite?
True
Let m(h) = -7*h**2 + 17*h + 32. Let j(o) = -o**2. Let r(l) = 7*l**2 + l + 1. Let u(n) = 6*j(n) + r(n). Let y(f) = -m(f) + 5*u(f). Is y(-10) composite?
True
Suppose -5*u + 2*q + 1210440 + 2417387 = 0, -5*u - 3*q + 3627797 = 0. Is u a prime number?
False
Suppose 6*f = f, 4*j + 3*f = 140. Let v be 1988/j*(-825)/(-6). Suppose 1726 = 5*q + 2*t - 6079, 5*q - v = -3*t. Is q prime?
True
Suppose 0 = -60391*o + 60380*o + 9274639. Is o a composite number?
True
Suppose 142685 = 4*d - 119*r + 118*r, 3*d - 2*r - 107015 = 0. Is d a prime number?
True
Let p = -57 - -76. Let l = -17 + p. Is (-6 + -25)/(l/(-148)*2) prime?
False
Let u = 423068 - 229197. Is u prime?
True
Is (-13 + (19 - 12 - 64427))*-1 a composite number?
False
Suppose 17*k + 1 = 18. Is (-10 - -2057) + (k - -3) a prime number?
False
Suppose -1671142 - 2307223 = -145*a. Is a composite?
False
Suppose -3*t + 33*o - 37*o = -743577, 4*t = -2*o + 991436. Is t a composite number?
True
Let i = 287590 + -198311. Is i a composite number?
True
Let m be (-75)/(-30)*8/(-10). Let c be (4/(-8)*0)/m. Let a(o) = o**2 + o + 787. Is a(c) a composite number?
False
Suppose 0 = 3*f - y - 31, -2*y = 2*f - 0*f - 18. Suppose -1 + f = 3*g. Suppose 696 = 5*t + g*t. Is t composite?
True
Suppose 9 = 3*r - 6. Suppose 11*d = r*d + 12. Suppose -j + 107 = o, d*j + 5*o - 98 - 104 = 0. Is j composite?
True
Let k(p) = 250*p**2 + 6*p + 1273. Is k(43) a composite number?
False
Suppose -2*o + 1480 = -k, o - 4*o = -2*k - 2219. Suppose -l - o + 5992 = 0. Is l a composite number?
True
Let w = 95 + -89. Suppose 2*l - 2*f + 3362 = w*l, l = 2*f + 848. Suppose -11*r + l + 6407 = 0. Is r prime?
True
Let y be 5/4 + (-7)/(-4). Suppose y*o + 23 = 32. Is o/((-18)/(-4)) + 18830/42 prime?
True
Suppose -14*i = 9*i - 115. Suppose i*l = -5*x + 20290, 3*x = -2*l - 0*x + 8111. Is l a prime number?
False
Suppose 403*k = 397*k + 3995490. Is k composite?
True
Let a(x) = 780*x - 29. Let b be a(-13). Let s = b + 16150. Is s a prime number?
True
Suppose -217856956 = 41*q + 18967244. Is q/(-210) - 10/14 a composite number?
True
Let b(z) = -z**2 - 7*z - 10. Let j be b(-3). Suppose n - 6492 = -j*n. Let f = n + -1355. Is f composite?
False
Suppose 2*c = -1 - 55. Let x = c + -560. Let d = -377 - x. Is d a composite number?
False
Suppose 10*h = 8*h + 3090. Suppose -v + h = 626. Is v prime?
True
Let l(g) = 5*g + 162. Let r be l(-32). Suppose 6464 = -3*u - u. Is (2 - r)*1 + (7 - u) a prime number?
False
Let c(w) = -48*w + 3. Let o be c(0). Suppose 4*i - o*x = 70579, 0 = -3*i + 4*x + 42154 + 10775. Is i composite?
True
Let t be -2 - 0 - 1 - (-1072 + -5). Suppose -2*l = 2*a + 1196, -a = -2*l - 134 - t. Let f = l + 1285. Is f prime?
True
Let p = 1 + 1. Let k(q) = -48*q + 239. Let r be k(5). Is -1*(-4251)/6 - r/p composite?
False
Suppose -4*r = 5*g - 20794 + 1863, 20 = 5*r. Let o be -2 - (0 - 5)/(13/g). Suppose -4*d + 4*i + 1788 + 3964 = 0, 4*i = -d + o. Is d a composite number?
True
Is (4 - 2)*(-738131)/(-38) prime?
False
Let n(z) = z**3 - 20*z**2 + 3*z - 15. Let i(c) = -10*c**2 + c - 7. Let a(s) = 5*i(s) - 2*n(s). Let m be a(-7). Is ((-87)/9)/((-6)/m) composite?
True
Suppose 0 = 2